the prime factors of b?
2, 5
Suppose -5*o + 3*c + 11 = -155, 5*o - 160 = 5*c. What are the prime factors of o?
5, 7
Let f(h) = -h - 2. Let o be f(-7). What are the prime factors of 1 - o/((-1)/1)?
2, 3
Let t(u) = u + 9. Let c be t(-6). Suppose 2*j = 3*p - 43, -p - 2 = c*j - 9. What are the prime factors of p?
13
Suppose 3*x = 2*x + f + 86, 0 = -x + 3*f + 82. What are the prime factors of x?
2, 11
Let l be 0/((-3)/3 + 3). Suppose -u + l*u = -9. List the prime factors of u.
3
What are the prime factors of (-328)/(-11) + 2/11?
2, 3, 5
Let b(i) = 417*i**2 + 2. What are the prime factors of b(1)?
419
Let k = 99 - -110. List the prime factors of k.
11, 19
Suppose 0*s - 27 = -s. Suppose -2*n - s = -5*n. What are the prime factors of n?
3
Let l(m) = 7*m**3 + 2*m - 1. Let c be l(1). Let n(v) = v - 6. List the prime factors of n(c).
2
Let b = -13 + 37. What are the prime factors of b?
2, 3
Let w(i) = i**3 - 6*i**2 + 5*i. Let b be w(5). Let o be (-19 + 1 + b)/1. What are the prime factors of ((-6)/9)/(3/o)?
2
Let b(u) = 2*u - 2. What are the prime factors of b(2)?
2
Suppose -4*y + 13 = 1. Suppose -l + 0 + y = 0. Suppose -2*i - 9 = -l*i. What are the prime factors of i?
3
Let y be (-1 + -4)/(1/8). Let p = -25 - y. Let o = 23 - p. List the prime factors of o.
2
Suppose 14 = o - 15. List the prime factors of o.
29
Let l(k) = -2*k**2 - 4*k - 2. Let d be l(-3). List the prime factors of (3/(-2))/(6/d).
2
Suppose -4*s = -4*x + 1824, -20 + 15 = -s. What are the prime factors of x?
461
Suppose -34 - 1 = -5*t. Suppose 4*f - 6*f - 3 = -3*y, -18 = -4*y - 2*f. Suppose r - 5 = -y*s, r + s - t = -4*s. What are the prime factors of r?
2
Let a be (1 + 0)/((-2)/(-26)). Suppose -2*u - 9 = -4*g - 1, -5*g = -u - a. List the prime factors of 210/27 + u/9.
2
Let y = 34 - 21. Let z = y + -9. Suppose u - 31 = 5*g, u - g = -z*u + 59. What are the prime factors of u?
11
Suppose 25 = -h - h + a, 2*h + 16 = 4*a. Let l = 25 + h. What are the prime factors of l?
11
Let u(w) = -4*w + 15. List the prime factors of u(-6).
3, 13
Let a(o) = -o**3 - 4*o**2 + 4*o + 3. Suppose -4*d + 0*d - 20 = 0. What are the prime factors of a(d)?
2
Let o be 10*(-2 - 3/(-2)). Let p = 11 - o. What are the prime factors of p?
2
Let j(k) = 7*k - 4. Let a be j(3). Let n(m) = 4*m - 6. Let w be n(6). Suppose 0*v - v = 2*r - w, -v = -5*r + a. List the prime factors of v.
2
Let z = 265 - 147. List the prime factors of z.
2, 59
Suppose -2 = -4*q - 2*a + 12, 5*a = 2*q - 1. What are the prime factors of -3 + (16 - (-9)/q)?
2
Let b be -20*2/(16/(-6)). Suppose -5*w - 3*p + 83 = -4*p, 0 = -5*p - b. Suppose 6*q = 2*q + w. What are the prime factors of q?
2
List the prime factors of ((-527)/34)/(1/(-4)).
2, 31
Let b = -14 - -44. What are the prime factors of b?
2, 3, 5
What are the prime factors of (108/(-63))/((-2)/21)?
2, 3
Let p = -4 + 8. Let i be 210/(-28)*8/(-6). Suppose -p*t - t + i = 0. What are the prime factors of t?
2
Suppose 3*u = 2*h + h + 132, -4*u - 3*h = -176. What are the prime factors of u?
2, 11
Let s(i) = i**2 - 4*i - 7. What are the prime factors of s(-10)?
7, 19
Let x be 27/(-21) + 2/7. Let y be (-5 + x)/((-9)/(-6)). List the prime factors of -3*-1*y/(-6).
2
Let g = 7 + -12. Let q = 4 - g. Let n = 16 - q. List the prime factors of n.
7
Suppose -20*o + 26*o = 1314. What are the prime factors of o?
3, 73
Suppose -4 = -6*w + 4*w. Let q(p) = 0*p**w - 3 + 4 + 2*p + 2*p**2. What are the prime factors of q(2)?
13
Let d be 0/(-1) - (-4 - -3). Let q be 22/d + 3 + -1. Suppose -2 = 2*m - q. What are the prime factors of m?
11
Let o(p) be the second derivative of p**4/6 + p**3/2 - p**2/2 + p. Let i be 1/(-3) - 8/3. What are the prime factors of o(i)?
2
Let d = -7 - -19. Suppose -4*b + 5*b = f + 3, -4*f - d = 3*b. Suppose 3*t + 3*z - 12 = 0, 2*t - 2 = -5*z - b. What are the prime factors of t?
2, 3
Let v(u) = u**3 + 5*u**2 - 7*u + 6. Let r be v(-6). Let t = 17 - r. What are the prime factors of t?
5
Suppose 7*f + o - 145 = 4*f, 0 = 3*f + 2*o - 149. List the prime factors of f.
47
Suppose r + 10 = -2*n, -4*n + 49 = -5*r - 57. Suppose 65 - 11 = 2*d. Let j = d + r. List the prime factors of j.
3
Suppose 4*j = 7 + 9. Suppose 0*o - j*o + 16 = 0. What are the prime factors of (-4)/3*(-18)/o?
2, 3
What are the prime factors of (1 - (-3 + 2)) + 854/14?
3, 7
Let s(o) = 6*o**2 - 2*o**2 + 6*o**2 - 1 - o. Let g(w) = -w**2 - 7*w - 7. Let p be g(-6). What are the prime factors of s(p)?
2, 5
Suppose -4*l = 11 - 43. Suppose -18 = -2*w + o, -5*w - 3*o + l*o = -40. List the prime factors of w.
2, 5
Let y(r) = 2*r + 19. Let m(w) = -w - 10. Let p be 4/14 + 32/(-14). Let q(t) = p*y(t) - 5*m(t). List the prime factors of q(-9).
3
Let j(x) = 24*x + 37. List the prime factors of j(4).
7, 19
Suppose 0*l - 7 = -5*t + l, 5*l = -t + 17. Let u be t/(-7) + (-135)/(-7). Let g = u + -13. List the prime factors of g.
2, 3
Let z(x) = -3*x**3 - 4*x**2 - 7. Let w(u) = -2*u**3 - 3*u**2 - 6. Let k(p) = 6*w(p) - 5*z(p). Suppose -5 = 11*s - 16*s. What are the prime factors of k(s)?
2
Suppose 2*l = 13 + 11. What are the prime factors of (1 - (0 - l)) + -1?
2, 3
Let a(b) = b**3 + 6*b**2 - 9*b - 6. Let o = -4 - 3. Let q be a(o). List the prime factors of -2*2/q*-12.
2, 3
Let m be -2 + -1 - -1 - -7. Suppose 0 = m*c - y - 163, 4*c - 49 - 64 = -5*y. What are the prime factors of c?
2
Let a be (-21)/(-14)*4/3. Suppose 2*p + h = 14 - 4, h = a*p - 10. What are the prime factors of p?
5
Let h = -32 + 47. What are the prime factors of h?
3, 5
Suppose -37 = -5*c + a, 9*c - 4*c + a - 43 = 0. Let x = 26 - c. What are the prime factors of x?
2, 3
Suppose 6*y + 102 = 8*y. Suppose -y = -s - 2*s. List the prime factors of s.
17
Suppose 29 = r - 6. What are the prime factors of r?
5, 7
Suppose -92 - 43 = -5*b. What are the prime factors of 330/b + 2/(-9)?
2, 3
Let c = 13 + -9. Suppose 0 = -4*n - 0 - c, -b + n + 15 = 0. List the prime factors of b.
2, 7
What are the prime factors of 3/4 - 195/(-12)?
17
Let o be (-1 + 0)*18/6. Let p(f) = -5*f. Let w be p(o). Suppose -5*q + w + 35 = 0. List the prime factors of q.
2, 5
Suppose 3*w - 224 = -35. What are the prime factors of w?
3, 7
Let m(t) = -2*t. Suppose -3*v + 4 = v. Let o be m(v). What are the prime factors of (4/6)/(o/(-33))?
11
Suppose 5*l - 2*l = 6. Let n(a) = 2*a**2 + a - 2. List the prime factors of n(l).
2
Let z = 0 + 3. Suppose 15 = 4*k + k, -1 = -2*y + z*k. What are the prime factors of y?
5
What are the prime factors of (-99)/(-1) + -1 + 3?
101
Let n = 8 - -6. Let q = 28 - n. List the prime factors of q.
2, 7
Suppose -4*j = l - 403, 4*j - 2*l = -0*j + 418. What are the prime factors of j/4*(-10)/(-15)?
17
Suppose -3*f + 137 = f + y, -y = 3*f - 103. What are the prime factors of f + (-2)/(-5)*5?
2, 3
Let n be 1/((-2)/(-9 + 3)). Suppose -n*i + 27 = -18. Let y = -6 + i. What are the prime factors of y?
3
Suppose 5*n + 35 = -5*a, 3*a + n - 1 = -28. What are the prime factors of 124/a*(-20)/8?
31
Suppose p - 3 = 4*i, 2*p - 6 = -4*i + 6*i. Suppose -2*t + 25 = p. List the prime factors of t.
11
Let r(p) = p**3 - 8*p**2 + 2*p + 6. What are the prime factors of r(8)?
2, 11
Suppose 3*m - 7 = -7*u + 3*u, 7 = 3*u + 4*m. Let s be 2 - -3 - -1*u. Let k = s - -6. What are the prime factors of k?
2, 3
Let a(z) = 2*z**2 + z + 2. Let b be a(3). Suppose 3*j + 2*j + 65 = 0. Let k = b + j. What are the prime factors of k?
2, 5
Let g(d) = d**3 - 10*d**2 + 8*d + 13. Let i be g(9). Suppose -2*n - 8 = -4*n, -i*n = 5*c + 54. Let z = c + 24. What are the prime factors of z?
2, 5
Suppose -2*p - 16 = -256. What are the prime factors of p?
2, 3, 5
Let x(i) = 4*i**2 + 2*i + 11. What are the prime factors of x(-4)?
67
Let a be (-5)/(-2)*(6 + 0). Suppose 30 + a = 5*p. List the prime factors of p.
3
List the prime factors of (-32)/(-4) - (-2 - -1).
3
Let r(p) = -p - 1. Let u be r(2). Let m = u - -5. Suppose 0 = 2*o - 8, -3*o - m = -2*v + 2*o. What are the prime factors of v?
11
Suppose q = 4*z - 535, 0*z - 3*q = 2*z - 257. List the prime factors of z.
7, 19
Let t = 159 - 109. Suppose -4*n + 55 = 5*w, -4*w - 2*n = -0*n - t. What are the prime factors of w?
3, 5
Suppose 2*p - 24 = -2*p. What are the prime factors of ((-1)/(-2))/(p/132)?
11
Suppose 3*d - 69 = -n - 2*n, d + 92 = 4*n. What are the prime factors of n?
23
What are the prime factors 